 + 72. Let d = 487 + -483. Let t be j(d). Let x(u) = -2*u - 18. Let f(i) = i - 1. Let c(o) = -f(o) - x(o). Give c(t).
19
Let h(q) be the third derivative of q**4/4 + 23*q**3/3 - 868*q**2. Determine h(-6).
10
Let l(g) = 0*g - 13128 - g + 27*g + 13225. Determine l(-4).
-7
Suppose -117*d + 816 = -83*d. Let i(a) be the first derivative of 1/4*a**4 - 2*a**2 - 2/3*a**3 + 3*a - d. Determine i(4).
19
Let r(o) = -16*o + 1. Let q(v) = -v**3 + 13*v**2 - 13*v + 17. Let w be q(12). Suppose w*p = 8*p - 69. Suppose -t - 24 = -p. Calculate r(t).
17
Let h be -5*(-5)/((-250)/90). Let c(z) = -z**2 - 4*z - 12. Determine c(h).
-57
Suppose -11*d - 2*d + 156 = 0. Suppose -208 = d*v + 14*v. Let s(a) = a**2 + 9*a - 11. Determine s(v).
-19
Let u(z) = -z + 6*z - 6*z - 1 - 3*z**3 - 3. Let g(a) = -a**2. Let h(q) = -g(q) - u(q). Let d(s) = -3*s**3 - s**2 - 3. Let k(b) = 3*d(b) + 2*h(b). What is k(1)?
-3
Let d(m) = -4*m**2 - 17*m + 19. Let q(j) = 2*j**2 + 6*j - 10. Let v(p) = 2*d(p) + 5*q(p). Give v(4).
4
Let v(a) = -a**2 + 3*a + 2. Let u = 85 + -24. Let f = -709 + 767. Suppose -f + u = -r. Calculate v(r).
-16
Let o be 1/((-360)/280 + 8/7). Let a(l) = -2*l - 26. Give a(o).
-12
Let a(j) = -2*j + 2. Let f(q) = -q**3 + 13*q**2 - 7*q - 14. Let x(l) = 4*a(l) + f(l). Calculate x(11).
71
Let q(c) = -7*c - 1. Suppose 10*v = 232 + 798. Suppose -v*p + 20 = -83*p. What is q(p)?
-8
Let y(t) = -16*t**2 + 29*t - 3. Let k(v) = 13*v**2 - 31*v + 4. Let u(l) = 5*k(l) + 4*y(l). What is u(39)?
8
Let w(u) = -u**3 + 33*u**2 - 4*u + 133. Let n be w(33). Let b(f) = 3 + 9 + n + 5 - 8 + f**2 + 6*f. Determine b(-3).
1
Let b(y) = y**3 - 22*y**2 + 54*y + 15. Let v be b(3). Let m(h) be the second derivative of 0 - 2*h**2 - h + 1/2*h**3. Calculate m(v).
14
Let p(f) = -f**3 + 11*f**2 - 7*f - 73. Let s(w) = w**3 - 10*w**2 + 10*w + 71. Let k(d) = 5*p(d) + 4*s(d). What is k(15)?
-6
Let m(r) = -21*r**2 + 21*r + 9. Suppose -5*x - 50 = 3*u, 4*x + 12*u - 16*u = -8. Let f(j) = -11*j**2 + 12*j + 5. Let q(i) = x*f(i) + 4*m(i). Determine q(-1).
-6
Let f(k) = -k**3 - 5*k**2 - 2*k - 3. Let x(r) = -5*r**3 - 20*r**2 - 8*r - 13. Let b(v) = 9*f(v) - 2*x(v). What is b(6)?
23
Let v(w) be the second derivative of -w**5/60 - w**4/6 + 2*w**3/3 - 39*w**2/2 + 3*w + 2. Let x(j) be the first derivative of v(j). Calculate x(-5).
-1
Let w(x) = 8*x - 74. Suppose 324*a - 160 - 1784 = 0. Give w(a).
-26
Let j(d) = 3 + 59*d - 3*d**2 + 15*d + 3 + 9*d - 62*d. What is j(7)?
6
Let u(j) = -j - 14. Let w be ((-114)/9)/(11/(-33)). Suppose 4*v + w = -3*i, 5*v + 30 = 17*i - 12*i. Determine u(v).
-6
Let s(r) = 2558*r - 2538*r + 40 + 3*r**2 - 4*r**2. What is s(22)?
-4
Suppose 42 = -4*d - 3*i + 60, -d - 15 = 4*i. Let b(s) = 5*s - 18. Determine b(d).
27
Suppose 0 = 531*z - 548*z + 102. Let m(v) = v**3 - 8*v**2 + 10*v - 4. Calculate m(z).
-16
Let k(p) = -p**3 + 6*p**2 - 2*p. Suppose 25 = 7*z - 2*z. Let v(s) = -3*s**2 + 26*s + 64. Let f be v(-2). Let g = z - f. Determine k(g).
15
Let y = -85 - -94. Let h(t) be the second derivative of -2*t**3/3 + 13*t**2/2 - 2*t - 1. What is h(y)?
-23
Let b(n) be the first derivative of 35*n**2/2 - 419*n + 9721. What is b(12)?
1
Let q(v) = -24736 + v + 12308 + 12372 + 2*v. Calculate q(20).
4
Let p(z) = 3*z**3 - z**2 - z. Let n be p(-4). Let d = 201 + n. Let u(k) = -3*k**2 - k**3 - 4 - k + 0*k**2 + 0*k**2. Calculate u(d).
-1
Let l(h) = 6*h + 26. Suppose 0 = 53*s - 116 + 434. Calculate l(s).
-10
Let f(o) be the third derivative of -o**6/120 + o**5/4 + 23*o**3/6 + o**2 - 880*o. What is f(15)?
23
Suppose 16 = 4*q, -7*q - 7 = -n - 9*q. Let s(i) be the first derivative of -i**3/3 + i**2/2 + 4. Calculate s(n).
-2
Suppose -5*v = -4*r + 12 + 3, -3*v - 9 = 2*r. Let j be (-2 + 4 - 0)*(-2)/(-4). Let y(x) = -2 - 3 - j + 15 + x. Give y(r).
9
Let g(x) = -7*x**3 + 6*x**2 + 22*x - 33. Let o(m) = -10*m**3 + 6*m**2 + 23*m - 32. Let f(q) = -3*g(q) + 2*o(q). Determine f(8).
3
Let f(q) = 10 + 0 + 26*q**2 - q**3 + 19 - 11. Give f(26).
18
Let n(r) = -7*r + 73. Suppose -3*b + 7*k - 4*k + 75 = 0, 0 = -5*k - 20. Calculate n(b).
-74
Let r(t) be the first derivative of t**2/2 - 9*t + 221. Let m be ((-4)/(-3) - 105/(-9)) + -3. Determine r(m).
1
Let f be -6 + (-1 - 8/(-4)). Let l(h) = -h**3 - 5*h**2 - 6*h - 38. What is l(f)?
-8
Let i(d) = 4*d - 10. Let h(g) = g**3 - 33*g**2 - 119*g + 399. Let z be h(36). Give i(z).
2
Let t(q) = -q**2 + 10*q - 13. Suppose -5*y = 5*o - 40, 4 = 4*y - y - 2*o. Let a be (-21 - -12)/(-5 + y). Calculate t(a).
-4
Let g be (-1 - 0)/((20/(-32))/5). Suppose -5*c - 2*i - 35 = 0, -36 = 4*c + 5*i - g. Let b(y) = 8*y - 7*y**2 + y**2 + 3 + 7*y**2. What is b(c)?
-4
Let y(b) = 16*b - 24*b - 4*b - 1. Let q be 9*(-2)/(-2 + -4) + -5. Calculate y(q).
23
Let g(i) = -3*i - 12. Let o(t) = 4*t + 15. Let j(c) = -6*g(c) - 5*o(c). Let l(x) = -x**2 - 7*x - 22. Let p(w) = -6*j(w) + l(w). Determine p(5).
-4
Let j(h) = 19*h - 16. Let f(i) = 3*i - 3. Let r(x) = 6*f(x) - j(x). Give r(16).
-18
Let y(n) = 23*n**2 + 9*n + 82. Let c(f) = 10*f**2 + 4*f + 36. Let g(s) = 16*c(s) - 7*y(s). Determine g(-3).
-10
Let x(i) = -3*i + 12. Suppose -4004 = -5*b + 3*t, -b - t = -586 - 218. Suppose 804*w - 18 = b*w. Give x(w).
-15
Let j(y) be the first derivative of -y**4/2 - 2*y**3 - 3*y**2/2 + 5*y + 973. Calculate j(-3).
14
Let g(a) = 11 + 36850*a + 36862*a - 73711*a. Let s = 3 + -12. Calculate g(s).
2
Let y(l) be the third derivative of l**8/20160 + l**7/420 + l**6/90 - l**5/60 - l**4/24 + 45*l**2. Let i(v) be the third derivative of y(v). Determine i(-11).
-3
Let b(d) = 4*d - 13. Let n = -3677 + 3672. Give b(n).
-33
Let x(g) = 24*g - g**2 + 22*g - 59*g + 19*g. Determine x(6).
0
Let z = 6204/13 - 24803/52. Let x(k) be the first derivative of z*k**4 - k**2 - 2*k - 9 - 1/3*k**3. Determine x(3).
10
Let k(o) be the second derivative of o**5/20 - o**4/3 + o**3/2 - 7*o**2 + 6683*o. Give k(4).
-2
Let y(g) be the second derivative of -g**5/20 - 7*g**4/6 - 3*g**3/2 + 9*g**2/2 + 1913*g. Calculate y(-13).
-43
Let u(d) = -d**2 - 3*d - 6. Let r(b) be the first derivative of b**2/2 - 12*b - 375. Let q be ((-1)/2)/((-3)/48). Let n be r(q). Calculate u(n).
-10
Let i(t) = 18*t**3 - 2*t**2 - 2*t - 1. Let j(p) be the second derivative of 10*p**3/3 - 101*p**2/2 + 2*p - 23. Let d be j(5). Determine i(d).
-19
Let x(w) = 3*w**2 + 3*w - 6. Let a = -2359 + 2362. Give x(a).
30
Let x(o) = -o**3 - 7*o**2 + 6*o - 6. Let c be (-21)/(693/22)*105/10. Calculate x(c).
-48
Let k(d) = 194*d + 24. Let r(i) = -156*i - 24. Let j(v) = -4*k(v) - 5*r(v). Give j(-5).
4
Suppose 59*j + 49 = 167. Let a(l) be the second derivative of 4*l + 1/6*l**3 + 7/20*l**5 + 1/2*l**j + 0 + 1/12*l**4. Give a(-1).
-6
Let y = -3532 - -3526. Let d(f) = 2*f**3 + 11*f**2 - 3*f + 1. Calculate d(y).
-17
Let a(r) be the second derivative of r**5/20 - 3*r**4/4 + r**3 - 918*r + 1. Suppose -3*f = -6*f + 24. Calculate a(f).
-16
Let x(c) = -2*c**2 - 3*c - 2. Suppose 162 = 10*f + 2. Suppose -2*y + 12 = f. Calculate x(y).
-4
Let b(n) be the second derivative of 7*n**3/6 + 4*n**2 - 28*n + 3. Calculate b(-11).
-69
Let u(s) = -4*s**3 - 3*s**2 - 6*s - 4. Let m(f) = -3*f**3 - f**2 - 3*f + 5. Let k(r) = m(r) - u(r). What is k(-2)?
3
Let z(u) be the first derivative of 0*u - 1/30*u**5 + 5/6*u**3 + 4 - 7/2*u**2 + 1/6*u**4. Let h(d) be the second derivative of z(d). Calculate h(4).
-11
Let b(t) be the third derivative of 108*t**2 + 0*t + 0*t**3 - 1/30*t**5 - 1/24*t**4 - 1 + 11/60*t**6. What is b(-1)?
-23
Suppose 3*r = -5*z + 7, 5*z = 3*r - 7*r + 16. Let u(a) = -2*a**2 + 11*a + 11. What is u(r)?
-52
Let i(x) = 4*x**2 - 9*x + 22. Let g be i(2). Let k(n) = -2 - 1 - n - g - 3*n. Determine k(-7).
5
Let z(u) = -3*u**3 + u**2 + 2*u + 1. Suppose b + 2*r = -45, -5*b + 0*r - 209 = 2*r. Let w = 44 + b. Suppose -3*h = -0 + w. What is z(h)?
3
Let c(r) = -r**3 - 6*r**2 - 2*r + 1. Let a(n) = 2*n + 38. Suppose -6*h - 18 = -5*h. Let y be a(h). Suppose 2*m = -y*s - 6, -s + 4*m = m - 1. What is c(s)?
-11
Let c(y) = -y**3 + 8*y**2 - 14*y - 11. Suppose 0 = -3*k - 4*q - 7, 0 = -4*k + 8*q - 12*q. Calculate c(k).
-60
Suppose 76*s - 256 = 13*s - 65*s. Let y(i) = 5*i**2 - 5*i - 2. Let k(o) = -11*o**2 + 11*o + 4. Let d(x) = 3*k(x) + 7*y(x). Calculate d(s).
2
Let x(n) = n**3 - 3*n**2 + n. Let k = -192 + 168. Let r be -6*6/k + 1/2. Calculate x(r).
-2
Let n(s) = -9 - s**3 +